
Suppose -f + 8 + 20 = 0. Let y be (f/(-21))/((-4)/(-6)). List the prime factors of (5 - 4)/((-1)/y).
2
Let z(j) = -j - 5. Let v be z(-8). Suppose -27 = -3*g + 3*m, 22 + 14 = 4*g - v*m. List the prime factors of g.
3
Suppose 160 = 3*r + 2*r. Let g be 2/(-7) + r/14. Suppose k = g - 0. List the prime factors of k.
2
Let b(w) = -w**3 - 8*w**2 - w + 4. Let j be (2 + -1)*-9 + 1. List the prime factors of b(j).
2, 3
Suppose 2*u + 34 = 4*y, y - 7 = u - 0*u. Suppose 0 = 2*g - 6 - y. List the prime factors of (2 - (-6)/g)*4.
11
Let i be (-6)/(-33) - (-291)/33. Suppose -i = -q + 5. List the prime factors of q.
2, 7
Suppose -d = 4*c - 5, -4*d + 16 = -4. Suppose -2 = -j - c. Suppose 3*s - j - 70 = 0. What are the prime factors of s?
2, 3
Let b = 5 - -84. Let x = b + -45. List the prime factors of x.
2, 11
Suppose -7*t + 168 = -3*t. Let p = t + -30. List the prime factors of p.
2, 3
Let n(i) = 12*i**3. What are the prime factors of n(1)?
2, 3
Suppose -f + 3*f = 46. List the prime factors of f.
23
Let a(r) = r**2 + 3*r**2 + 4*r**2 - 3 + r + 4. Let m be a(-1). Suppose 0 = -q + 2, -2*p + 16 = 2*q - m. What are the prime factors of p?
2, 5
Let o = -12 + 14. Suppose o*b = y + 11, b + 3*y - 16 + 7 = 0. What are the prime factors of b?
2, 3
Let h(d) = -2*d**2 + 13*d - 4. Let b be h(6). Suppose -b*r - 17 = -g, g + 0*r - 25 = -2*r. What are the prime factors of g?
3, 7
Let r = 193 + 35. Let d be 4/10 - r/(-30). List the prime factors of d/3*54/24.
2, 3
Suppose 2*o = -0*o. Suppose o*t - 2 = -t + 2*f, 5*f = -5*t + 10. Suppose -t*m - 2*m - 5*z = -64, 3*z = 4*m - 32. List the prime factors of m.
11
Suppose 0*j - 320 = -8*j. List the prime factors of j.
2, 5
Let x(v) = v**2 + v. Let k be x(-1). Suppose k*g = 3*g - 9. Let h = 8 - g. What are the prime factors of h?
5
Let k = 1 + -22. Let n = k + 54. What are the prime factors of n?
3, 11
Suppose -3*i + 4*c - 2 = -0*i, 0 = -5*i - 4*c + 50. Let z(o) = o**2 - 5*o - 3. Let n be z(i). Suppose 0*x = -n*x + 33. What are the prime factors of x?
11
Suppose 0 = -n - 0*n. Suppose n*h - h = 0. Suppose 5 = -h*u + u. List the prime factors of u.
5
Let c = -12 + 20. Suppose -5*r + b = 3*b - 21, -4*b - c = 0. What are the prime factors of r?
5
Suppose w + 114 = 4*g, w - 6 = -4. List the prime factors of g.
29
What are the prime factors of 8/6 + (-610)/(-15)?
2, 3, 7
Let s(j) = 15*j**3 + 11*j - 41. Let g(w) = 7*w**3 + 5*w - 20. Let f(v) = -13*g(v) + 6*s(v). What are the prime factors of f(0)?
2, 7
Suppose 0 = 5*r - 4 - 6. Suppose 3*g - 171 = -r*d + d, -3*g + 159 = -3*d. Suppose 5*a + l - 70 = 0, -l + 14 = -3*a + g. List the prime factors of a.
2, 7
Suppose -5*l + 2*l + 24 = 0. List the prime factors of l.
2
Let u = 12 - 10. Let k(v) = 0*v**2 + 10*v - 3*v**2 + 2*v**u + 14. What are the prime factors of k(11)?
3
Suppose m + 5 = 15. What are the prime factors of 504/30 + 2/m?
17
Suppose -t = t. List the prime factors of (-9)/(-3 + t) + 5.
2
Suppose 51*x - 49*x - 12 = 0. What are the prime factors of x?
2, 3
Suppose 25 = -4*t - 11. List the prime factors of -9*(6/t + 0).
2, 3
What are the prime factors of -4 + 27/6 - (-771)/6?
3, 43
Let j = 104 - 63. Suppose 4*i - 1 = 19. Suppose -2*b + 4*x = b - j, -4*b + i*x = -53. What are the prime factors of b?
7
Let u(p) = -p**2 + 8*p + 7. What are the prime factors of u(6)?
19
Let w be 2 - 3 - (-6)/3. Suppose 3 + w = 2*l. Suppose 19 + 0 = 3*o + b, -2*o = -2*b - l. List the prime factors of o.
5
Suppose -2*w + 5 = -5. Suppose 3*j + w*k = 15, -2*k = k - 9. Suppose -10 = -u - j. List the prime factors of u.
2, 5
Let u(d) = -3*d + 1. Let q be -6*-1*3/9. Let z be u(q). List the prime factors of 25/(-10)*4/z.
2
Let d(q) = q**2 - 5*q - 16. List the prime factors of d(8).
2
Suppose 5*z - 82 = 248. What are the prime factors of z?
2, 3, 11
Suppose 1 + 3 = 2*s. Suppose -s*q + 34 = -q. Suppose -2*b + 5*t = -q, 4*b - 3*b = 5*t + 27. What are the prime factors of b?
7
Suppose -d + 2*d = -2*s + 68, -d = 2. What are the prime factors of s?
5, 7
Let m(b) = -b**3 - 4*b**2 - 6*b - 9. Let s be (-5 - -7)*15/(-6). List the prime factors of m(s).
2, 23
Let x = -69 - -272. What are the prime factors of x?
7, 29
List the prime factors of (-2)/(8/10 + -1).
2, 5
Let w(n) = -n + 2. Let r be w(0). Suppose -r*z + 15 = -z. Let m = -6 + z. What are the prime factors of m?
3
Let b = 119 - -26. What are the prime factors of b?
5, 29
Let k(q) = 14*q**2 - 4*q - 4. List the prime factors of k(-2).
2, 3, 5
Let w(k) = k**3 + 4*k**2 - 6*k + 3. Let b be w(-5). Let t = 45 - b. What are the prime factors of t?
37
Suppose -9 = -4*m + 11. Let u be 5 - ((-4)/2 + 1). Suppose 4 = m*j - u. What are the prime factors of j?
2
Suppose -6*i = -2*i + 3*t + 88, i + 35 = -4*t. Let n = -25 - -14. Let g = n - i. List the prime factors of g.
2
Suppose 0 = 4*f - 0*f - 8. Let t(a) = 4*a - 2 - 12*a + a**2 - f*a**2. What are the prime factors of t(-4)?
2, 7
Let i(w) = w - 1. Let a(v) = 5*v**3 + 2*v**2 - 2*v + 3. Let f(s) = a(s) + 3*i(s). Let g be f(-1). Let k(q) = -2*q - 5. What are the prime factors of k(g)?
3
Let v(i) = 303*i**2 + 2*i - 3. What are the prime factors of v(1)?
2, 151
Suppose -2*a - 1430 = -4*k, -2*k + 830 = -5*a + 111. List the prime factors of k.
3, 7, 17
Let q(z) = 2*z - 1. Suppose 0 = 2*n + 4, n = -i - 2*n - 2. Suppose -2*p + 7*p + 2*x - 25 = 0, -i*p = x - 17. What are the prime factors of q(p)?
5
What are the prime factors of (3/(-2))/(9*(-2)/1788)?
149
Let c be 32/4 + (-6)/2. Suppose g + 5*b = 2*b - 6, 2*g + c*b = -9. List the prime factors of g.
3
Let s(a) = -a - 2. Let m be s(0). Let p be (-2 - m)/((-2)/1). Suppose 3*l - 5*z - 46 = p, 2*z = 2*l - 2*z - 32. What are the prime factors of l?
2, 3
Let q(r) = -r**3 + r**2 + r + 96. List the prime factors of q(0).
2, 3
Let r(q) = -q**2 - 5*q + 4. Let k be r(-7). Let u(f) = -f**3 - 10*f**2 - 3*f - 8. What are the prime factors of u(k)?
2, 11
Suppose -30 - 2 = o. Let r = -19 - o. List the prime factors of r.
13
Let s = 94 - 53. List the prime factors of s.
41
Suppose -4*k - 55 = -175. List the prime factors of k.
2, 3, 5
Suppose -2*z = -21 + 7. Let m = z - 4. List the prime factors of m.
3
Let k(t) = -2*t**3 - 8*t - 1 + 1 - 7*t**2 + 5 + t**3. What are the prime factors of k(-6)?
17
Let o(h) = -3*h + 2*h**2 + 0*h - 3*h + 2 + 2*h. Let s(b) = -2*b**2 + 4*b - 1. Let f(c) = -3*o(c) - 4*s(c). List the prime factors of f(4).
2, 7
Suppose -3*b + 63 = -0*b. Suppose 3*m - b = -0*m. What are the prime factors of m?
7
Suppose s = -a - 2*s + 7, -2*s + 7 = a. List the prime factors of 199/a - (-6)/(-14).
2, 7
Suppose 0 = -5*x + 6 + 4. Suppose -5*y = 2*i + 48, 0 = 3*i - 4*i + x*y - 42. What are the prime factors of (-1)/(-3 - 100/i)?
17
Let j(r) = 4*r - 19. What are the prime factors of j(16)?
3, 5
Suppose -4*w + 3 = -1, 96 = 3*l + 3*w. List the prime factors of l.
31
Let g = -12 - -21. Suppose 0 = t - 0*t - g. List the prime factors of t.
3
Suppose 5*w = -v - 6, -4*v - w - 3*w = -8. What are the prime factors of (-44)/(-6)*6/v?
11
Suppose 3*c - 22 = 5*a, a + 17 = 3*c - 3*a. What are the prime factors of 12*-1*c + -1?
11
What are the prime factors of 1*267*2/6?
89
Let i(q) = -2*q**2 - 12*q + 2. Let p be i(-6). Suppose -z = p*v - 26, -2*v = -3*z - v + 78. What are the prime factors of z?
2, 13
Suppose 12 = 4*n - 0. Suppose -3*z = -3*j - z - 5, 2*z - 8 = 0. Let k = n - j. List the prime factors of k.
2
Let p = 38 + 11. What are the prime factors of p?
7
Suppose 9*w - 13*w - 3*d + 451 = 0, -w - d + 114 = 0. What are the prime factors of w?
109
Let c(y) = -y**3 - 6*y**2 + 5*y - 10. Suppose 2*w - 2*g + 16 = 0, -w - 5 = 3*g - 1. Let v be c(w). Suppose v = 3*s - 20. What are the prime factors of s?
2
Let n(m) = m**3 - m**2 - m + 5. Let s be n(0). Let d be (-1 + (-7)/(-5))*s. Suppose o - 2 - d = 0. List the prime factors of o.
2
Suppose 16 = w - 2*s, -5 - 3 = -3*w - 2*s. Let x = 13 - w. List the prime factors of x.
7
What are the prime factors of (-6)/(5 - 467/93)?
3, 31
Suppose 2*x - 20 = 6*x. Let y(s) = -s**3 - 5*s**2 - 4*s - 3. List the prime factors of y(x).
17
Suppose -3*d + 1 = -8. List the prime factors of (1 - d) + 6/1.
2
List the prime factors of 1*(-6)/(-2) - -4.
7
Let s(w) = -2*w + 56. List the prime factors of s(0).
2, 7
Suppose -q = -5*t - 4*q + 458, 0 = -2*t - q + 184. Let u = t + -54. What are the p